{"id":1913,"date":"2021-03-01T15:04:03","date_gmt":"2021-03-01T14:04:03","guid":{"rendered":"https:\/\/champagne-henry-bourdelat.fr\/?post_type=product&#038;p=1913"},"modified":"2026-02-09T10:15:59","modified_gmt":"2026-02-09T09:15:59","slug":"cuvee-millesime-2019","status":"publish","type":"product","link":"https:\/\/champagne-henry-bourdelat.fr\/index.php\/produit\/cuvee-millesime-2019\/","title":{"rendered":"Cuv\u00e9e Mill\u00e9sime 2019"},"content":{"rendered":"<div class=\"chapo\"><strong>\u00c9labor\u00e9 principalement avec du Chardonnay grand cru et un peu de Pinot noir, ce champagne d\u2019une grande finesse, exprime un bel \u00e9quilibre entre maturit\u00e9 et fra\u00eecheur.<\/strong><\/div>\n<div class=\"texte\">\n<p class=\"spip\">Il offre aussi une belle longueur en bouche apportant complexit\u00e9 aromatique. Ce vin structur\u00e9 s\u2019associe avec des plats de poisson ou de fruits de mer et \u00e0 l\u2019ap\u00e9ritif.<\/p>\n<\/div>\n","protected":false},"excerpt":{"rendered":"<p>\u00c9labor\u00e9 principalement avec du Chardonnay grand cru et un peu de Pinot noir, ce champagne d\u2019une grande finesse, exprime un bel \u00e9quilibre entre maturit\u00e9 et fra\u00eecheur. Il offre aussi une belle longueur en bouche apportant complexit\u00e9 aromatique. Ce vin structur\u00e9 s\u2019associe avec des plats de poisson ou de fruits de mer et \u00e0 l\u2019ap\u00e9ritif.<\/p>\n","protected":false},"featured_media":1875,"template":"","meta":[],"product_brand":[],"product_cat":[27,25],"product_tag":[],"class_list":{"0":"post-1913","1":"product","2":"type-product","3":"status-publish","4":"has-post-thumbnail","6":"product_cat-produits","7":"product_cat-champagnes","9":"first","10":"instock","11":"shipping-taxable","12":"purchasable","13":"product-type-simple"},"_links":{"self":[{"href":"https:\/\/champagne-henry-bourdelat.fr\/index.php\/wp-json\/wp\/v2\/product\/1913","targetHints":{"allow":["GET"]}}],"collection":[{"href":"https:\/\/champagne-henry-bourdelat.fr\/index.php\/wp-json\/wp\/v2\/product"}],"about":[{"href":"https:\/\/champagne-henry-bourdelat.fr\/index.php\/wp-json\/wp\/v2\/types\/product"}],"wp:featuredmedia":[{"embeddable":true,"href":"https:\/\/champagne-henry-bourdelat.fr\/index.php\/wp-json\/wp\/v2\/media\/1875"}],"wp:attachment":[{"href":"https:\/\/champagne-henry-bourdelat.fr\/index.php\/wp-json\/wp\/v2\/media?parent=1913"}],"wp:term":[{"taxonomy":"product_brand","embeddable":true,"href":"https:\/\/champagne-henry-bourdelat.fr\/index.php\/wp-json\/wp\/v2\/product_brand?post=1913"},{"taxonomy":"product_cat","embeddable":true,"href":"https:\/\/champagne-henry-bourdelat.fr\/index.php\/wp-json\/wp\/v2\/product_cat?post=1913"},{"taxonomy":"product_tag","embeddable":true,"href":"https:\/\/champagne-henry-bourdelat.fr\/index.php\/wp-json\/wp\/v2\/product_tag?post=1913"}],"curies":[{"name":"wp","href":"https:\/\/api.w.org\/{rel}","templated":true}]}}